{"id":1493,"date":"2019-09-20T10:34:33","date_gmt":"2019-09-20T08:34:33","guid":{"rendered":"http:\/\/fluidworkssuspension.com\/store\/?post_type=product&#038;p=1493"},"modified":"2024-01-23T11:50:58","modified_gmt":"2024-01-23T10:50:58","slug":"kit-pistone-andreani","status":"publish","type":"product","link":"https:\/\/fluidworkssuspension.com\/store\/prodotto\/kit-pistone-andreani\/","title":{"rendered":"Kit pistone Andreani"},"content":{"rendered":"<p>Grazie alle sue eccellenti prestazioni l\u2019esclusivo Kit Pistone Andreani \u00e8 il punto di riferimento della categoria quando si vuole ottenere il massimo a livello di idraulica.<br \/>\nStudiato dai tecnici Andreani con numerosi test al dinamometro e sui campi gara il kit assicura, rispetto alla forcella standard, un migliore sostegno e migliore sfruttamento della corsa con una superiore sensibilit\u00e0 alle piccole asperit\u00e0. La forcella riuscir\u00e0 in pratica a stare \u201cpi\u00f9 alta\u201d e lavorare nella parte iniziale della corsa dove si riesce a ottenere il massimo comfort e grip cos\u00ec da rendere la guida pi\u00f9 precisa, sicura e meno faticosa.<\/p>\n<p>Il kit \u00e8 disponibile per tutte le forcelle con cartuccia idraulica, ovvero:<\/p>\n<ul>\n<li>Fox 32, 34, 36, 40, 49 con cartuccia GRIP , GRIP2 o FiT4<\/li>\n<li>Rock Shox Sid (Charger o Raceday), Pike, Boxxer, Lyrik, Zeb con cartuccia Charger (varie versioni), Brain, RS1 Brain<\/li>\n<li>Marzocchi 888<\/li>\n<li>Lefty PBR, XLR, Hybrid 2.0, SuperMax<\/li>\n<\/ul>\n<p>Il prezzo include anche lo smontaggio totale, revisione pneumatica, smontaggio e ricostruzione della cartuccia, pulizia interna foderi, controllo gioco boccole, installazione di parapolvere SKF.<\/p>\n<p>&nbsp;<\/p>\n<p>&nbsp;<\/p>\n<p><a href=\"http:\/\/fluidworkssuspension.com\/store\/12-k13-008pistonkit1\/\"><img loading=\"lazy\" decoding=\"async\" class=\"alignnone wp-image-1491\" src=\"http:\/\/fluidworkssuspension.com\/store\/wp-content\/uploads\/12.k13.008pistonkit1.jpg\" alt=\"\" width=\"541\" height=\"354\" data-id=\"1491\" srcset=\"https:\/\/fluidworkssuspension.com\/store\/wp-content\/uploads\/12.k13.008pistonkit1.jpg 1560w, https:\/\/fluidworkssuspension.com\/store\/wp-content\/uploads\/12.k13.008pistonkit1-300x196.jpg 300w, https:\/\/fluidworkssuspension.com\/store\/wp-content\/uploads\/12.k13.008pistonkit1-1024x670.jpg 1024w, https:\/\/fluidworkssuspension.com\/store\/wp-content\/uploads\/12.k13.008pistonkit1-520x340.jpg 520w, https:\/\/fluidworkssuspension.com\/store\/wp-content\/uploads\/12.k13.008pistonkit1-260x170.jpg 260w\" sizes=\"(max-width: 541px) 100vw, 541px\" \/><\/a><\/p>\n<p><a href=\"http:\/\/fluidworkssuspension.com\/store\/?attachment_id=1495\" rel=\"attachment wp-att-1495\"><img loading=\"lazy\" decoding=\"async\" class=\"alignnone wp-image-1495\" src=\"http:\/\/fluidworkssuspension.com\/store\/wp-content\/uploads\/kit_piston_bike.jpg\" alt=\"\" width=\"542\" height=\"339\" data-id=\"1495\" srcset=\"https:\/\/fluidworkssuspension.com\/store\/wp-content\/uploads\/kit_piston_bike.jpg 1280w, https:\/\/fluidworkssuspension.com\/store\/wp-content\/uploads\/kit_piston_bike-300x188.jpg 300w, https:\/\/fluidworkssuspension.com\/store\/wp-content\/uploads\/kit_piston_bike-1024x640.jpg 1024w, https:\/\/fluidworkssuspension.com\/store\/wp-content\/uploads\/kit_piston_bike-80x50.jpg 80w\" sizes=\"(max-width: 542px) 100vw, 542px\" \/><\/a><\/p>\n","protected":false},"excerpt":{"rendered":"<p>Grazie alle sue eccellenti prestazioni l\u2019esclusivo Kit Pistone Andreani \u00e8 il punto di riferimento della categoria quando si vuole ottenere il massimo a livello di idraulica. Studiato dai tecnici Andreani con numerosi test al dinamometro e sui campi gara il &hellip; <a class=\"kt-excerpt-readmore\" href=\"https:\/\/fluidworkssuspension.com\/store\/prodotto\/kit-pistone-andreani\/\" aria-label=\"Kit pistone Andreani\">Continua a leggere<\/a><\/p>\n","protected":false},"featured_media":1491,"comment_status":"closed","ping_status":"closed","template":"","meta":{"_joinchat":[]},"product_cat":[116],"product_tag":[],"_links":{"self":[{"href":"https:\/\/fluidworkssuspension.com\/store\/wp-json\/wp\/v2\/product\/1493"}],"collection":[{"href":"https:\/\/fluidworkssuspension.com\/store\/wp-json\/wp\/v2\/product"}],"about":[{"href":"https:\/\/fluidworkssuspension.com\/store\/wp-json\/wp\/v2\/types\/product"}],"replies":[{"embeddable":true,"href":"https:\/\/fluidworkssuspension.com\/store\/wp-json\/wp\/v2\/comments?post=1493"}],"wp:featuredmedia":[{"embeddable":true,"href":"https:\/\/fluidworkssuspension.com\/store\/wp-json\/wp\/v2\/media\/1491"}],"wp:attachment":[{"href":"https:\/\/fluidworkssuspension.com\/store\/wp-json\/wp\/v2\/media?parent=1493"}],"wp:term":[{"taxonomy":"product_cat","embeddable":true,"href":"https:\/\/fluidworkssuspension.com\/store\/wp-json\/wp\/v2\/product_cat?post=1493"},{"taxonomy":"product_tag","embeddable":true,"href":"https:\/\/fluidworkssuspension.com\/store\/wp-json\/wp\/v2\/product_tag?post=1493"}],"curies":[{"name":"wp","href":"https:\/\/api.w.org\/{rel}","templated":true}]}}