{"id":3048,"date":"2024-01-26T10:52:25","date_gmt":"2024-01-26T09:52:25","guid":{"rendered":"http:\/\/fluidworkssuspension.com\/store\/?post_type=product&#038;p=3048"},"modified":"2025-09-19T08:24:58","modified_gmt":"2025-09-19T06:24:58","slug":"rockshox-mini-brain","status":"publish","type":"product","link":"https:\/\/fluidworkssuspension.com\/store\/prodotto\/rockshox-mini-brain\/","title":{"rendered":"RockShox-Specialized Brain"},"content":{"rendered":"<p>&nbsp;<\/p>\n<h2>Ammortizzatore RockShox Mini Brain<\/h2>\n<p>Effettuiamo la manutenzione completa del tuo ammortizzatore ROCKSHOX Brain, clicca i pulsanti seguenti per scoprire cosa comprende:<\/p>\n\n<div class=\"panel-group\" id=\"accordionname37\"><div class=\"panel panel-default panel-even\"><div class=\"panel-heading\"><a class=\"accordion-toggle collapsed\" data-toggle=\"collapse\" data-parent=\"#accordionname37\" href=\"#collapse370\"><h5><i class=\"icon-minus primary-color\"><\/i><i class=\"icon-plus\"><\/i>Cosa comprende la manutenzione per ROCKSHOX Brain<\/h5><\/a><\/div><div id=\"collapse370\" class=\"panel-collapse collapse \"><div class=\"panel-body postclass\">\n<p><strong>Manutenzione ordinaria Ammortizzatore ROCKSHOX Brain<\/strong><\/p>\n<p>E&#8217; necessaria una premessa per questi ammortizzatori: sono due i modelli sviluppati in collaborazione tra RockShox e Specialized e la differenza evidente \u00e8 nella forma del serbatoio di compensazione. Il Brain 1\u00b0 tipo ha il serbatoio che rimane completamente esterno al telaio ed ha una forma a &#8220;doppia botte&#8221; con la leva di selezione Brain in mezzo; il Brain 2\u00b0 tipo ha invece il serbatoio inferiore di forma allungata che si inserisce all&#8217;interno del telaio. <strong>Importante:\u00a0<\/strong>per il Brain 1\u00b0 tipo la revisione include anche il Kit Andreani, indispensabile per farlo funzionare correttamente e farlo durare molto pi\u00f9 della versione di serie e non effettuiamo la revisione se non si installa il Kit. Se il Kit \u00e8 gi\u00e0 stato installato (identificabile dal tappo anodizzato blu sul serbatoio) viene fatta la revisione completa e prezzo come da dettaglio sotto. Il Brain 2\u00b0 tipo con serbatoio allungato non necessita di Kit ma volendo \u00e8 disponibile una taratura migliorativa (compressione otimizzata e Brain pi\u00f9 solido). Concludiamo facendo presente che il Brain non \u00e8 un blocco totale dato che \u00e8 previsto da progetto un microscopico passaggio d&#8217;olio anche col Brain al massimo e che il tubo trecciato che collega le due unit\u00e0 cede -seppur di poco- gonfiandosi e permettendo qualche mm di movimento.<\/p>\n<p>&nbsp;<\/p>\n<p>Gli interventi di revisione per gli ammortizzatori ROCKSHOX Brain comprendono:<\/p>\n<ul>\n<li>smontaggio<\/li>\n<li>pulizia e sgrassaggio in profondit\u00e0<\/li>\n<li>sostituzione ed aggiornamento elementi di tenuta per la parte pneumatica ,\u00a0idraulica e serbatoio separato<\/li>\n<li>installazione del Kit Andreani se necessario<\/li>\n<li>Taratura custom se richiesta (2\u00b0 tipo, serbatoio lungo)<\/li>\n<li>rimontaggio con utilizzo di prodotti specifici (adesivo anaerobico sigillante sulle filettature, grasso ad altissima scorrevolezza specifico per sospensioni, lubricanti specifici)<\/li>\n<li>spurgo multiplo sottovuoto con pompa Andreani semi-automatica digitale ed olio dedicato Brain (garantisce assenza di aria nel circuito idraulico-molto intricato- garantendo costanza e durata delle prestazioni)<\/li>\n<li>pressurizzazione IFP con azoto<\/li>\n<\/ul>\n<p>&nbsp;<\/p>\n<p><a href=\"https:\/\/fluidworkssuspension.com\/store\/?attachment_id=3049\" rel=\"attachment wp-att-3049\"><img loading=\"lazy\" decoding=\"async\" class=\"alignnone wp-image-3049 \" src=\"http:\/\/fluidworkssuspension.com\/store\/wp-content\/uploads\/rockshox-brain-specialized.jpg\" alt=\"\" width=\"508\" height=\"508\" data-id=\"3049\" srcset=\"https:\/\/fluidworkssuspension.com\/store\/wp-content\/uploads\/rockshox-brain-specialized.jpg 1400w, https:\/\/fluidworkssuspension.com\/store\/wp-content\/uploads\/rockshox-brain-specialized-300x300.jpg 300w, https:\/\/fluidworkssuspension.com\/store\/wp-content\/uploads\/rockshox-brain-specialized-100x100.jpg 100w, https:\/\/fluidworkssuspension.com\/store\/wp-content\/uploads\/rockshox-brain-specialized-456x456.jpg 456w, https:\/\/fluidworkssuspension.com\/store\/wp-content\/uploads\/rockshox-brain-specialized-1024x1024.jpg 1024w, https:\/\/fluidworkssuspension.com\/store\/wp-content\/uploads\/rockshox-brain-specialized-150x150.jpg 150w, https:\/\/fluidworkssuspension.com\/store\/wp-content\/uploads\/rockshox-brain-specialized-800x800.jpg 800w, https:\/\/fluidworkssuspension.com\/store\/wp-content\/uploads\/rockshox-brain-specialized-400x400.jpg 400w, https:\/\/fluidworkssuspension.com\/store\/wp-content\/uploads\/rockshox-brain-specialized-912x912.jpg 912w, https:\/\/fluidworkssuspension.com\/store\/wp-content\/uploads\/rockshox-brain-specialized-520x520.jpg 520w, https:\/\/fluidworkssuspension.com\/store\/wp-content\/uploads\/rockshox-brain-specialized-260x260.jpg 260w\" sizes=\"(max-width: 508px) 100vw, 508px\" \/><\/a><\/p>\n<p>&nbsp;<\/p>\n<p><a href=\"https:\/\/fluidworkssuspension.com\/store\/?attachment_id=3050\" rel=\"attachment wp-att-3050\"><img loading=\"lazy\" decoding=\"async\" class=\"alignnone size-large wp-image-3050\" src=\"http:\/\/fluidworkssuspension.com\/store\/wp-content\/uploads\/BRAIN-damping-cutaway-diagram-labeled-2-1024x768.jpg\" alt=\"\" width=\"1024\" height=\"768\" data-id=\"3050\" srcset=\"https:\/\/fluidworkssuspension.com\/store\/wp-content\/uploads\/BRAIN-damping-cutaway-diagram-labeled-2-1024x768.jpg 1024w, https:\/\/fluidworkssuspension.com\/store\/wp-content\/uploads\/BRAIN-damping-cutaway-diagram-labeled-2-300x225.jpg 300w, https:\/\/fluidworkssuspension.com\/store\/wp-content\/uploads\/BRAIN-damping-cutaway-diagram-labeled-2.jpg 1200w\" sizes=\"(max-width: 1024px) 100vw, 1024px\" \/><\/a> <a href=\"https:\/\/fluidworkssuspension.com\/store\/?attachment_id=3051\" rel=\"attachment wp-att-3051\"><img loading=\"lazy\" decoding=\"async\" class=\"alignnone size-full wp-image-3051\" src=\"http:\/\/fluidworkssuspension.com\/store\/wp-content\/uploads\/BRAIN-valve.jpeg\" alt=\"\" width=\"1160\" height=\"773\" data-id=\"3051\" srcset=\"https:\/\/fluidworkssuspension.com\/store\/wp-content\/uploads\/BRAIN-valve.jpeg 1160w, https:\/\/fluidworkssuspension.com\/store\/wp-content\/uploads\/BRAIN-valve-300x200.jpeg 300w, https:\/\/fluidworkssuspension.com\/store\/wp-content\/uploads\/BRAIN-valve-1024x682.jpeg 1024w, https:\/\/fluidworkssuspension.com\/store\/wp-content\/uploads\/BRAIN-valve-272x182.jpeg 272w\" sizes=\"(max-width: 1160px) 100vw, 1160px\" \/><\/a> <a href=\"https:\/\/fluidworkssuspension.com\/store\/?attachment_id=3052\" rel=\"attachment wp-att-3052\"><img loading=\"lazy\" decoding=\"async\" class=\"alignnone size-full wp-image-3052\" src=\"http:\/\/fluidworkssuspension.com\/store\/wp-content\/uploads\/rock-shox-brain-2-0-2018-problem-and-solution-for-now-it-is-v0-et76p1ct60m81.webp\" alt=\"\" width=\"1080\" height=\"607\" data-id=\"3052\" srcset=\"https:\/\/fluidworkssuspension.com\/store\/wp-content\/uploads\/rock-shox-brain-2-0-2018-problem-and-solution-for-now-it-is-v0-et76p1ct60m81.webp 1080w, https:\/\/fluidworkssuspension.com\/store\/wp-content\/uploads\/rock-shox-brain-2-0-2018-problem-and-solution-for-now-it-is-v0-et76p1ct60m81-300x169.webp 300w, https:\/\/fluidworkssuspension.com\/store\/wp-content\/uploads\/rock-shox-brain-2-0-2018-problem-and-solution-for-now-it-is-v0-et76p1ct60m81-1024x576.webp 1024w\" sizes=\"(max-width: 1080px) 100vw, 1080px\" \/><\/a> <a href=\"https:\/\/fluidworkssuspension.com\/store\/?attachment_id=3053\" rel=\"attachment wp-att-3053\"><img loading=\"lazy\" decoding=\"async\" class=\"alignnone size-full wp-image-3053\" src=\"http:\/\/fluidworkssuspension.com\/store\/wp-content\/uploads\/rock-shox-brain-2-0-2018-problem-and-solution-for-now-it-is-v0-eeh0mqeu60m81.webp\" alt=\"\" width=\"1100\" height=\"701\" data-id=\"3053\" srcset=\"https:\/\/fluidworkssuspension.com\/store\/wp-content\/uploads\/rock-shox-brain-2-0-2018-problem-and-solution-for-now-it-is-v0-eeh0mqeu60m81.webp 1100w, https:\/\/fluidworkssuspension.com\/store\/wp-content\/uploads\/rock-shox-brain-2-0-2018-problem-and-solution-for-now-it-is-v0-eeh0mqeu60m81-300x191.webp 300w, https:\/\/fluidworkssuspension.com\/store\/wp-content\/uploads\/rock-shox-brain-2-0-2018-problem-and-solution-for-now-it-is-v0-eeh0mqeu60m81-1024x653.webp 1024w, https:\/\/fluidworkssuspension.com\/store\/wp-content\/uploads\/rock-shox-brain-2-0-2018-problem-and-solution-for-now-it-is-v0-eeh0mqeu60m81-80x50.webp 80w\" sizes=\"(max-width: 1100px) 100vw, 1100px\" \/><\/a> <a href=\"https:\/\/fluidworkssuspension.com\/store\/?attachment_id=3054\" rel=\"attachment wp-att-3054\"><img loading=\"lazy\" decoding=\"async\" class=\"alignnone size-full wp-image-3054\" src=\"http:\/\/fluidworkssuspension.com\/store\/wp-content\/uploads\/Brain-shock-internal.webp\" alt=\"\" width=\"1760\" height=\"1173\" data-id=\"3054\" srcset=\"https:\/\/fluidworkssuspension.com\/store\/wp-content\/uploads\/Brain-shock-internal.webp 1760w, https:\/\/fluidworkssuspension.com\/store\/wp-content\/uploads\/Brain-shock-internal-300x200.webp 300w, https:\/\/fluidworkssuspension.com\/store\/wp-content\/uploads\/Brain-shock-internal-1024x682.webp 1024w, https:\/\/fluidworkssuspension.com\/store\/wp-content\/uploads\/Brain-shock-internal-1536x1024.webp 1536w, https:\/\/fluidworkssuspension.com\/store\/wp-content\/uploads\/Brain-shock-internal-272x182.webp 272w\" sizes=\"(max-width: 1760px) 100vw, 1760px\" \/><\/a><\/p>\n<p>&nbsp;<\/p>\n<\/div><\/div><\/div>\n<div class=\"panel panel-default panel-odd\"><div class=\"panel-heading\"><a class=\"accordion-toggle collapsed\" data-toggle=\"collapse\" data-parent=\"#accordionname37\" href=\"#collapse371\"><h5><i class=\"icon-minus primary-color\"><\/i><i class=\"icon-plus\"><\/i>Tuning<\/h5><\/a><\/div><div id=\"collapse371\" class=\"panel-collapse collapse \"><div class=\"panel-body postclass\">\n<p><strong>Le opzioni possibili di tuning per questo ammortizzatore sono:<\/strong><\/p>\n<ul>\n<li>taratura custom Brain 2\u00b0 modello con serbatoio lungo: modifica taratura interna per maggior solidit\u00e0 a Brain attivato ed allo stesso tempo maggiore assorbimento a valvola aperta<\/li>\n<\/ul>\n<\/div><\/div><\/div><\/div>\n\n","protected":false},"excerpt":{"rendered":"<p>Manutenzione ordinaria per ammortizzatori RockShox Mini Brain<\/p>\n","protected":false},"featured_media":3049,"comment_status":"closed","ping_status":"closed","template":"","meta":{"_joinchat":[]},"product_cat":[136,18,41],"product_tag":[],"_links":{"self":[{"href":"https:\/\/fluidworkssuspension.com\/store\/wp-json\/wp\/v2\/product\/3048"}],"collection":[{"href":"https:\/\/fluidworkssuspension.com\/store\/wp-json\/wp\/v2\/product"}],"about":[{"href":"https:\/\/fluidworkssuspension.com\/store\/wp-json\/wp\/v2\/types\/product"}],"replies":[{"embeddable":true,"href":"https:\/\/fluidworkssuspension.com\/store\/wp-json\/wp\/v2\/comments?post=3048"}],"wp:featuredmedia":[{"embeddable":true,"href":"https:\/\/fluidworkssuspension.com\/store\/wp-json\/wp\/v2\/media\/3049"}],"wp:attachment":[{"href":"https:\/\/fluidworkssuspension.com\/store\/wp-json\/wp\/v2\/media?parent=3048"}],"wp:term":[{"taxonomy":"product_cat","embeddable":true,"href":"https:\/\/fluidworkssuspension.com\/store\/wp-json\/wp\/v2\/product_cat?post=3048"},{"taxonomy":"product_tag","embeddable":true,"href":"https:\/\/fluidworkssuspension.com\/store\/wp-json\/wp\/v2\/product_tag?post=3048"}],"curies":[{"name":"wp","href":"https:\/\/api.w.org\/{rel}","templated":true}]}}