{"id":3604,"date":"2025-12-11T08:45:15","date_gmt":"2025-12-11T07:45:15","guid":{"rendered":"https:\/\/fluidworkssuspension.com\/store\/?post_type=product&#038;p=3604"},"modified":"2025-12-11T09:36:31","modified_gmt":"2025-12-11T08:36:31","slug":"rs-isostrut","status":"publish","type":"product","link":"https:\/\/fluidworkssuspension.com\/store\/prodotto\/rs-isostrut\/","title":{"rendered":"RockShox SidLuxe Isostrut"},"content":{"rendered":"<h2>Ammortizzatore RockShox SidLuxe Isostrut (Trek Supercaliber)<\/h2>\n<h3>Revisione Completa<\/h3>\n<p>Effettuiamo la revisione completa del tuo ammortizzatore RockShox SidLuxe Isostrut, clicca i pulsanti seguenti per scoprire cosa comprende:<\/p>\n\n<div class=\"panel-group\" id=\"accordionname92\"><div class=\"panel panel-default panel-even\"><div class=\"panel-heading\"><a class=\"accordion-toggle collapsed\" data-toggle=\"collapse\" data-parent=\"#accordionname92\" href=\"#collapse920\"><h5><i class=\"icon-minus primary-color\"><\/i><i class=\"icon-plus\"><\/i>Cosa comprende la manutenzione per RockShox SidLuxe Isostrut<\/h5><\/a><\/div><div id=\"collapse920\" class=\"panel-collapse collapse \"><div class=\"panel-body postclass\">\n<p><strong>Revisione completa Ammortizzatore RockShox SidLuxe Isostrut<\/strong><\/p>\n<p>N.B.: l&#8217;ammortizzatore deve essere spedito come singola unit\u00e0 come da foto (ammortizzatore e stelo strutturale), deve essere quindi smontato dal telaio (vedi info su file apposito)<\/p>\n<ul>\n<li>verifica regolazioni e funzionamento, smontaggio<\/li>\n<li>pulizia e sgrassaggio in profondit\u00e0<\/li>\n<li>sostituzione ed aggiornamento elementi di tenuta aria\/olio (un kit dedicato alla parte pneumatica ed uno dedicato alla parte idraulica)<\/li>\n<li>spurgo multiplo sottovuoto con pompa Andreani semi-automatica digitale ed olio specifico (garantisce assenza assoluta di aria nel circuito idraulico)<\/li>\n<li>Pressurizzazione IFP con azoto<\/li>\n<li>rimontaggio con utilizzo di prodotti specifici (adesivo anaerobico sigillante sulle filettature , grasso ad altissima scorrevolezza specifico per sospensioni, lubricanti specifici)<\/li>\n<\/ul>\n<\/div><\/div><\/div>\n<div class=\"panel panel-default panel-odd\"><div class=\"panel-heading\"><a class=\"accordion-toggle collapsed\" data-toggle=\"collapse\" data-parent=\"#accordionname92\" href=\"#collapse921\"><h5><i class=\"icon-minus primary-color\"><\/i><i class=\"icon-plus\"><\/i>Tuning<\/h5><\/a><\/div><div id=\"collapse921\" class=\"panel-collapse collapse \"><div class=\"panel-body postclass\">\n<p>Le opzioni possibili di tuning per questi ammortizzatori sono:<br \/>\n\u2022Aumento progressivit\u00e0 (riduzione volume camere pneumatiche per avere maggior sostegno a met\u00e0 corsa e rendere il finecorsa pi\u00f9 difficile da raggiungere)<\/p>\n<\/div><\/div><\/div><\/div>\n\n","protected":false},"excerpt":{"rendered":"<div class=\"woocommerce-product-details__short-description\">\n<div class=\"woocommerce-product-details__short-description\">\n<p>Scegli la tipologia di service\/tuning che ti interessa:<\/p>\n<\/div>\n<\/div>\n","protected":false},"featured_media":3607,"comment_status":"closed","ping_status":"closed","template":"","meta":{"_joinchat":[]},"product_cat":[154,18,41],"product_tag":[],"_links":{"self":[{"href":"https:\/\/fluidworkssuspension.com\/store\/wp-json\/wp\/v2\/product\/3604"}],"collection":[{"href":"https:\/\/fluidworkssuspension.com\/store\/wp-json\/wp\/v2\/product"}],"about":[{"href":"https:\/\/fluidworkssuspension.com\/store\/wp-json\/wp\/v2\/types\/product"}],"replies":[{"embeddable":true,"href":"https:\/\/fluidworkssuspension.com\/store\/wp-json\/wp\/v2\/comments?post=3604"}],"wp:featuredmedia":[{"embeddable":true,"href":"https:\/\/fluidworkssuspension.com\/store\/wp-json\/wp\/v2\/media\/3607"}],"wp:attachment":[{"href":"https:\/\/fluidworkssuspension.com\/store\/wp-json\/wp\/v2\/media?parent=3604"}],"wp:term":[{"taxonomy":"product_cat","embeddable":true,"href":"https:\/\/fluidworkssuspension.com\/store\/wp-json\/wp\/v2\/product_cat?post=3604"},{"taxonomy":"product_tag","embeddable":true,"href":"https:\/\/fluidworkssuspension.com\/store\/wp-json\/wp\/v2\/product_tag?post=3604"}],"curies":[{"name":"wp","href":"https:\/\/api.w.org\/{rel}","templated":true}]}}